reatest common factor of w and 17?
17
Suppose -3*o + 50 = -o. Let f be -2*36/(-6) + 5 + -8 + 6. Calculate the greatest common divisor of f and o.
5
Suppose -3*v = -3*v - 2*v + 1288. What is the greatest common divisor of v and 1472?
92
Let l = -3084 - -3490. Calculate the greatest common factor of l and 126.
14
Let g(r) = -r**3 + 12*r**2 - 11*r + 4. Let f be g(11). Suppose 0 = -2*d + 2*l + 14, 2*d + 14 = -0*l - 5*l. What is the greatest common factor of f and d?
1
Suppose -2*b + 4*b = -200. Let u be (b/(-15))/(6/9). Suppose -p = d, -d - 6 = 5*p - u*p. What is the highest common divisor of p and 8?
1
Let v be (168 - -8) + 1*(1 + 1). Let n = v + -174. What is the greatest common factor of 52 and n?
4
Let l be 1377/(-12)*(280/(-30))/7. Let i(o) = -o**2 - 7*o + 9. Let q be i(-7). What is the greatest common divisor of q and l?
9
Suppose -15 - 15 = -5*u. Let p be 20/u - 4/(-6). Let b(k) = -3*k**2 + 57*k + 656. Let a be b(27). What is the highest common factor of a and p?
4
Let n = 203 + -208. Let w be (n - (-1105)/10) + (-3)/6. Calculate the greatest common divisor of 147 and w.
21
Suppose -5*d + 2306 = 3*m, -3*m + 0*d = d - 2302. Calculate the greatest common divisor of 177 and m.
59
Suppose 2*i = -2*o + o - 23, 0 = -2*o - 6. Let x be (-36)/(i/((-60)/(-9))). What is the highest common factor of 504 and x?
24
Let t be (9 + (-10 - (7 - 7)))/(3/(-3615)). What is the greatest common factor of t and 3133?
241
Suppose 4*l = -5*l + 108. Suppose 31*p - l = 27*p. Calculate the highest common factor of p and 3.
3
Suppose 4450 = f + a + 168, 5*f + 3*a = 21422. What is the highest common divisor of 134 and f?
134
Suppose 0 = -5*z - q - 29 - 2, -5*q - 23 = 3*z. Let k(u) = 4*u**2 + 3*u - 36. Let n be k(z). What is the greatest common divisor of 120 and n?
30
Let z be (-12*(-12)/(-60))/((-1671)/(-1680) + -1). Calculate the greatest common divisor of 14 and z.
14
Suppose -7*p + 2*p + 275 = 0. Let y(z) = z**3 - 26*z**2 - 55*z - 23. Let g be y(28). Calculate the greatest common factor of g and p.
5
Suppose 0 = -6*f + 3*f + 6. Suppose -13*z = -17*z + 288. Suppose 0 = -8*k + z - 8. Calculate the greatest common divisor of k and f.
2
Suppose 5*n - 3*c = 44, 0*n + 2*c - 44 = -4*n. Suppose 680 = -8*s + n*s. Calculate the greatest common factor of s and 272.
68
Let f(j) = j**3 + 8*j**2 + j + 9. Let d be f(-8). Let r = -135 + 147. Suppose 15*h - 27*h + r = 0. Calculate the highest common divisor of d and h.
1
Let n = 1377 + -1241. Calculate the greatest common divisor of 442 and n.
34
Let w be 938/18 - (-457)/(-4113). What is the highest common divisor of w and 650?
26
Let d(i) = 783*i - 1389. Let m be d(8). Calculate the highest common divisor of m and 195.
195
Let n(h) = h**3 - 5*h**2 - 92*h - 8. Let c be n(16). What is the greatest common factor of c and 64?
8
Let v = 70 + -16. Suppose 4*h + 5*f = 216, 0 = h + 2*f - 0*f - v. Suppose 0 = 40*w + 33*w - 2628. Calculate the greatest common divisor of w and h.
18
Let b = 425 - 290. Let y = -9322 - -9637. What is the highest common factor of b and y?
45
Let h(g) = g**2 + 59*g + 49. Let u be h(-59). Let v be ((-10)/(-3))/((-4)/(-66)). Suppose -u*t + v*t = 96. What is the highest common divisor of t and 176?
16
Suppose 5*x + 211*o - 213*o - 229 = 0, 3*o - 129 = -3*x. What is the greatest common factor of 1755 and x?
45
Let t be 313/(-9) + 4/(-18). Let f = t + -6. Let d = f + 60. What is the highest common divisor of d and 209?
19
Let b(s) = 33*s**2 + s + 1. Let y be b(-1). Suppose 2*i - 24 - 34 = 0. Suppose -y*t + 272 = -i*t. What is the highest common divisor of t and 4?
4
Let n = 433 + -396. Suppose -4*f - 34 = -3*r, -34*r + n*r - 44 = -f. What is the greatest common divisor of 224 and r?
14
Let o = 2916 - 2772. Calculate the highest common factor of 2250 and o.
18
Let g be (-3)/(4*(-18)/96). What is the greatest common divisor of g and 1532?
4
Suppose 0 = 14*y + 8*y - 264. Let u be ((-12)/10)/(y/1410*-1). Calculate the greatest common factor of u and 94.
47
Suppose -5*g + 5*z = -50, 3*g + 6 = 4*g - 3*z. Suppose 0 = g*w + 508 - 676. Calculate the greatest common factor of 602 and w.
14
Let k(s) = 7*s + 4. Let v be k(-4). Suppose -115*q - 70*q = 14*q - 6766. Let j = v + q. What is the highest common divisor of 30 and j?
10
Let f = -7 + 11. What is the greatest common factor of 1316 and f?
4
Let d(p) = -p**2 - 108*p - 476. Let h be d(-83). What is the highest common divisor of h and 39?
39
Let a be -144 + 163 - 7*2. What is the highest common divisor of a and 4925?
5
Let b be 1*213 - ((-45)/15 - 0). Let m be (-6)/10 + 690/25. Calculate the greatest common divisor of b and m.
27
Let o(y) = -2*y + 34. Let b be o(17). Suppose b = -11*s + 6*s + 20. Suppose 144 = s*n - 0*n. Calculate the highest common factor of 12 and n.
12
Let s(m) = 569*m**3 + m**2. Let h be s(2). Calculate the highest common factor of 68 and h.
68
Let a be (23 + 3975/175)*28*1. What is the highest common factor of a and 6?
2
Let s(f) = 3*f**2 + 4*f - 3. Let g(j) = -6*j - 26. Let n be g(-4). Let r be s(n). Suppose -74 - 16 = -9*l. Calculate the highest common divisor of l and r.
1
Suppose -323 = -10*h + 27. Calculate the highest common factor of h and 112.
7
Let n(i) = -i**2 - 12*i - 38. Let h be n(-8). Let f be -7*5*(h - -4). Let k be (-1 + (-21)/(-15))*70. Calculate the greatest common factor of f and k.
14
Let j be (3 - 9)/(2/(-72)). Let w be (-1)/(4/j*-2). Let m = -231 + 258. What is the highest common divisor of m and w?
27
Suppose -25 = -20*m + 25*m. Let v be 1/(-5) - (880/(-25) + m). What is the greatest common factor of v and 20?
20
Suppose -5*q - g = -1040, -2*g = 4*q - 438 - 394. Let s = 580 - q. Let d be (-4)/16 - s/(-16). Calculate the highest common divisor of d and 23.
23
Suppose 0 = -47*s + 51*s - 8, -4 = 3*m - 2*s. Suppose m = 2*o + 361 - 489. What is the highest common factor of 832 and o?
64
Let c be 36/(-27) - (-6 + 1 - (-121)/(-3)). Calculate the highest common divisor of c and 7216.
44
Let o = 14562 - 11889. What is the highest common factor of o and 1089?
99
Let i(x) = -3*x**2 - 55*x - 62. Let d be i(-17). What is the greatest common divisor of 1038 and d?
6
Suppose 11972 = -17*i - 13359 + 367065. Calculate the highest common divisor of i and 19.
19
Let m be 30/2295*-9 - (-363)/51. Calculate the highest common divisor of m and 4039.
7
Let n be (-114468)/(-564) + (-4)/(-94). What is the highest common factor of 133 and n?
7
Let u be (4 - -3) + (4/(-12))/(17/(-1683)). Calculate the greatest common factor of u and 2104.
8
Let q(s) = -2*s**3 - 5*s**2 + 16*s - 34. Let c be q(-6). What is the greatest common divisor of 61 and c?
61
Let v(p) = -p. Let s be v(0). Suppose s = 10*q - 14*q + 84. Let b be (q*30/9)/2. Calculate the greatest common factor of 14 and b.
7
Let l be ((-56)/10)/((-1232)/(-245) - 5). Let f = l - -208. Calculate the greatest common factor of f and 48.
12
Let v = 16614 - 10626. What is the highest common divisor of 24 and v?
12
Let d(c) = -2*c**3 + 2*c. Let p be d(-2). Let h = 248 + -239. Let a(n) = 7*n + 21. Let t be a(h). Calculate the greatest common divisor of p and t.
12
Let b(t) = 202*t + 3. Let h be b(3). Suppose 29*o - 15*o = 588. Calculate the highest common factor of h and o.
21
Suppose 39*t + 1326 = 18642. What is the highest common factor of 60 and t?
12
Let y be ((-15)/(-45))/(1/18). Let k = 162 - 156. Suppose k*z - z = 4*d + 270, 5*d + 54 = z. What is the highest common factor of z and y?
6
Suppose -440*c + 438*c = -4754. Suppose 8*f - c = 535. Calculate the greatest common divisor of f and 28.
28
Let s be -84*(2 + -3)*((-304)/(-28) - 10). What is the highest common divisor of 528 and s?
24
Suppose -164242 + 63808 - 226633 = -139*y. Calculate the greatest common factor of y and 26.
13
Suppose -2*a + 4*i = -114, 0 = a + 55*i - 53*i - 37. Calculate the greatest common divisor of 2491 and a.
47
Let v(s) = s**2 + 4*s - 30. Let f be v(5). Suppose -f*z + 1904 + 946 = 0. What is the greatest common divisor of z and 30?
10
Suppose 5*y + 3*z - 538 = 0, 9*y = -3*y - z + 1254. Calculate the highest common factor of 1261 and y.
13
Let p(o) = -o**2 - 33*o - 65. Let x be ((-168)/91 - -2) + (-392)/13. Let a be p(x). Calculate the highest common divisor of a and 400.
25
Let h(d) = 5*d - 3496 + 3529 - d**2 + 2*d**2. Let r be h